{"id":101,"date":"2021-09-02T14:34:39","date_gmt":"2021-09-02T14:34:39","guid":{"rendered":"https:\/\/diegol.top\/cursos\/?page_id=101"},"modified":"2021-09-02T14:37:59","modified_gmt":"2021-09-02T14:37:59","slug":"condiciones-de-uso","status":"publish","type":"page","link":"https:\/\/diegol.top\/cursos\/condiciones-de-uso\/","title":{"rendered":"Condiciones de uso"},"content":{"rendered":"\n<ul class=\"wp-block-list\"><li><strong>DATOS IDENTIFICATIVOS<\/strong>: el titular de\u00a0diegol.top\/cursos\u00a0(en adelante\u00a0el\u00a0<em>SITIO<\/em>),\u00a0es Diego Nieto de la Fuente, con n\u00famero de identificaci\u00f3n fiscal (NIF) 48746362R\u00a0y con domicilio en Avenida de Europa n\u00ba7 7\u00baA Murcia\u00a0(Espa\u00f1a).<\/li><li><strong>CONTENIDOS:<\/strong>\u00a0el SITIO\u00a0proporciona acceso a multitud de informaciones, servicios, programas o datos (de ahora en\u00a0adelante los\u00a0CONTENIDOS) a trav\u00e9s de\u00a0internet pertenecientes por defecto al titular del sitio, salvo que expresamente se indique otro propietario.<\/li><li><strong>USUARIOS<\/strong>: el acceso y\/o uso de este SITIO\u00a0atribuye la condici\u00f3n de\u00a0USUARIO, que acepta desde dicho acceso y\/o uso las\u00a0Condiciones generales de uso\u00a0aqu\u00ed reflejadas.<\/li><\/ul>\n\n\n\n<h2 class=\"wp-block-heading\">Uso del sitio<\/h2>\n\n\n\n<p>Cuando el USUARIO utilice el SITIO y se haya registrado en \u00e9l, deber\u00e1&nbsp;mantener la confidencialidad de los datos y la contrase\u00f1a de su cuenta, y restringir el acceso a su ordenador para evitar posibles usos no autorizados de su cuenta.<\/p>\n\n\n\n<p>La responsabilidad por todas las actividades realizadas desde su cuenta y su contrase\u00f1a de acceso recaer\u00e1 sobre el USUARIO.<\/p>\n\n\n\n<p>Recomendamos tomar todas las medidas necesarias para asegurar que la contrase\u00f1a permanezca en secreto y a salvo, e informarnos inmediatamente en caso de que se tengan motivos para creer que la contrase\u00f1a ha sido puesta en conocimiento de un tercero o si \u00e9sta ha sido utilizada de manera no autorizada o es susceptible de serlo.<\/p>\n\n\n\n<p>Cuando un&nbsp;USUARIO facilite datos por cualquiera de los medios disponibles en el SITIO, comprobar\u00e1 que son correctos y completos y, en el caso de tratarse de un USUARIO registrado, nos comunicar\u00e1 inmediatamente cualquier variaci\u00f3n en la informaci\u00f3n que nos haya&nbsp;facilitado al registrarse. El USUARIO que se encuentre registrado puede&nbsp;acceder a su informaci\u00f3n y actualizarla una vez iniciada la sesi\u00f3n mediante la secci\u00f3n habilitada para ello.<\/p>\n\n\n\n<p>El USUARIO que accede al SITIO debe conocer nuestra\u00a0<a href=\"https:\/\/diegol.top\/cursos\/politica-de-privacidad\/\">Pol\u00edtica de Privacidad<\/a>, que tambi\u00e9n rige las visitas que se realicen al\u00a0SITIO.<\/p>\n\n\n\n<p>Al USUARIO se le&nbsp;concede una licencia limitada de acceso al SITIO para su uso personal, pero no para la descarga de CONTENIDOS&nbsp;(a excepci\u00f3n de la descarga de p\u00e1ginas en la memoria cach\u00e9 y contenidos enlazados por el SITIO mediante un bot\u00f3n de \u201cDescarga\u201d dentro de las \u00e1reas bajo suscripci\u00f3n) o la modificaci\u00f3n parcial o total del mismo, excepto si se obtiene el consentimiento expreso por escrito de los propietarios del SITIO. Dicha licencia no incluye&nbsp; ning\u00fan derecho de reventa ni de uso comercial del SITIO web ni de sus CONTENIDOS, el derecho a descargar o copiar informaci\u00f3n de cuentas para el beneficio de otro comerciante&nbsp;ni al uso de herramientas o robots de b\u00fasqueda y extracci\u00f3n de datos.&nbsp;No est\u00e1 permitida la reproducci\u00f3n, duplicado, copia, venta, reventa, ni explotaci\u00f3n de ning\u00fan tipo de los CONTENIDOS del SITIO&nbsp;ni de parte del mismo con fines comerciales sin el expreso consentimiento previo y por escrito del propietario del SITIO y\/o del CONTENIDO.<\/p>\n\n\n\n<p>El USUARIO se compromete a hacer un uso adecuado de los CONTENIDOS&nbsp;y servicios que se ofrecen desde este SITIO y, concretamente y con car\u00e1cter enunciativo pero no limitativo, a no emplearlos para:<\/p>\n\n\n\n<ul class=\"wp-block-list\"><li>Incurrir en actividades il\u00edcitas, ilegales o contrarias a la buena fe y al orden p\u00fablico.<\/li><li>Difundir contenidos o propaganda de car\u00e1cter racista, xen\u00f3fobo, pornogr\u00e1fico-ilegal, de apolog\u00eda del terrorismo o atentatorio contra los derechos humanos.<\/li><li>Provocar da\u00f1os en los sistemas f\u00edsicos y l\u00f3gicos del sitio, de sus proveedores o de terceras personas, introducir o difundir en la red virus inform\u00e1ticos o cualesquiera otros sistemas f\u00edsicos o l\u00f3gicos que sean susceptibles de provocar los da\u00f1os anteriormente mencionados.<\/li><li>Intentar acceder y, en su caso, utilizar las cuentas de correo electr\u00f3nico de otros usuarios y modificar o manipular sus mensajes.<\/li><li>Utilizar el SITIO de un modo que cause o pueda causar que el contenido o el acceso al mismo se vean interrumpidos, da\u00f1ados o deteriorados de alg\u00fan modo.<\/li><\/ul>\n\n\n\n<p>Al USUARIO se le concede el derecho limitado, revocable y no exclusivo de crear un hiperv\u00ednculo que dirija a los CONTENIDOS&nbsp;del SITIO, siempre que dicho enlace no represente al propio SITIO o a sus USUARIOS de un modo falso, err\u00f3neo, despectivo o de otro modo ofensivo.<\/p>\n\n\n\n<h2 class=\"wp-block-heading\">Responsabilidad del contenido<\/h2>\n\n\n\n<p>Como en muchos otros sitios existentes en internet, los USUARIOS podr\u00e1n publicar en algunas de las secciones sus opiniones y comentarios sobre algunos de los CONTENIDOS, enviar comunicaciones, sugerencias, ideas, preguntas u otra informaci\u00f3n, siempre que el contenido de las mismas no resulte il\u00edcito, obsceno, abusivo, amenazante, difamatorio, invada la privacidad de terceros, infrinja derechos de propiedad intelectual, resulte injurioso o censurable de otro modo para terceros, o contenga virus inform\u00e1ticos, propaganda pol\u00edtica, contenido publicitario, correos en cadena, env\u00edo masivo de correos o cualquier otro tipo de \u2018spam\u2019. Adem\u00e1s, no est\u00e1 permitido el uso de direcciones de correo electr\u00f3nico falsas, suplantar la identidad de otra persona o entidad, ni mentir de otro modo sobre el origen de cualquier contenido.<\/p>\n\n\n\n<p>El SITIO se reserva el derecho (pero no la obligaci\u00f3n) de eliminar o modificar cualquier contenido que no cumpla con estas reglas.&nbsp;En cualquier caso, ni el SITIO ni los administradores del mismo se har\u00e1n responsables de las opiniones vertidas por cualquiera de las herramientas de participaci\u00f3n disponibles ya que&nbsp;el USUARIO debe ser consciente de que es \u00e9l, seg\u00fan la normativa vigente, y no el SITIO, el responsable de toda comunicaci\u00f3n electr\u00f3nica y contenido enviados desde su ordenador, y de que se debe usar el SITIO&nbsp;web solamente con fines l\u00edcitos.<\/p>\n\n\n\n<h2 class=\"wp-block-heading\">Funcionamiento del sitio<\/h2>\n\n\n\n<p>Los administradores y propietarios de este SITIO se esfuerzan&nbsp;al m\u00e1ximo para asegurar que el acceso a la web sea ininterrumpido y la transmisi\u00f3n est\u00e9 libre de errores. Sin embargo, debido a la naturaleza de Internet, no pueden garantizarlo plenamente. Adem\u00e1s, en ocasiones el acceso al contenido podr\u00e1 suspenderse o restringirse temporalmente para realizar tareas de reparaci\u00f3n o mantenimiento, y para la implementaci\u00f3n de nuevas herramientas o servicios. Se intentar\u00e1, en la medida de lo posible, minimizar la frecuencia y la duraci\u00f3n de cada una de estas suspensiones y restricciones de acceso.<\/p>\n\n\n\n<p>El SITIO&nbsp;se reserva el derecho a denegar cualquier intento de acceso a la web o su CONTENIDO, cancelar cuentas y eliminar o modificar contenidos si considera que no se cumplen con&nbsp;las condiciones de uso o con cualquier otra norma o ley.<\/p>\n\n\n\n<p>El SITIO se reserva el derecho de modificar en cualquier momento estas Condiciones de Uso que afectan al acceso y uso del propio SITIO. La vigencia de estas condiciones ir\u00e1 en funci\u00f3n de su exposici\u00f3n y estar\u00e1n vigentes hasta que sean cambiadas por otras debidamente publicadas.<\/p>\n\n\n\n<p>La relaci\u00f3n de los propietarios y administradores del SITIO con el USUARIO se regir\u00e1 por la normativa espa\u00f1ola vigente y cualquier controversia o conflicto se someter\u00e1 a los juzgados y tribunales de la ciudad de Murcia (Espa\u00f1a).<\/p>\n","protected":false},"excerpt":{"rendered":"<p>DATOS IDENTIFICATIVOS: el titular de\u00a0diegol.top\/cursos\u00a0(en adelante\u00a0el\u00a0SITIO),\u00a0es Diego Nieto de la Fuente, con n\u00famero de identificaci\u00f3n fiscal (NIF) 48746362R\u00a0y con domicilio en Avenida de Europa n\u00ba7 7\u00baA Murcia\u00a0(Espa\u00f1a). CONTENIDOS:\u00a0el SITIO\u00a0proporciona acceso a multitud de informaciones, servicios, programas o datos (de ahora en\u00a0adelante los\u00a0CONTENIDOS) a trav\u00e9s de\u00a0internet pertenecientes por defecto al titular del sitio, salvo que expresamente &hellip;<\/p>\n<p class=\"read-more\"> <a class=\"\" href=\"https:\/\/diegol.top\/cursos\/condiciones-de-uso\/\"> <span class=\"screen-reader-text\">Condiciones de uso<\/span> Leer m\u00e1s &raquo;<\/a><\/p>\n","protected":false},"author":1,"featured_media":0,"parent":0,"menu_order":0,"comment_status":"closed","ping_status":"closed","template":"","meta":{"site-sidebar-layout":"default","site-content-layout":"default","ast-site-content-layout":"","site-content-style":"default","site-sidebar-style":"default","ast-global-header-display":"","ast-banner-title-visibility":"","ast-main-header-display":"","ast-hfb-above-header-display":"","ast-hfb-below-header-display":"","ast-hfb-mobile-header-display":"","site-post-title":"","ast-breadcrumbs-content":"","ast-featured-img":"","footer-sml-layout":"","theme-transparent-header-meta":"default","adv-header-id-meta":"","stick-header-meta":"","header-above-stick-meta":"","header-main-stick-meta":"","header-below-stick-meta":"","astra-migrate-meta-layouts":"","footnotes":""},"class_list":["post-101","page","type-page","status-publish","hentry"],"yoast_head":"<!-- This site is optimized with the Yoast SEO plugin v20.13 - https:\/\/yoast.com\/wordpress\/plugins\/seo\/ -->\n<title>Condiciones de uso - Cursos de WooCommerce<\/title>\n<meta name=\"robots\" content=\"noindex, follow\" \/>\n<meta property=\"og:locale\" content=\"es_ES\" \/>\n<meta property=\"og:type\" content=\"article\" \/>\n<meta property=\"og:title\" content=\"Condiciones de uso - Cursos de WooCommerce\" \/>\n<meta property=\"og:description\" content=\"DATOS IDENTIFICATIVOS: el titular de\u00a0diegol.top\/cursos\u00a0(en adelante\u00a0el\u00a0SITIO),\u00a0es Diego Nieto de la Fuente, con n\u00famero de identificaci\u00f3n fiscal (NIF) 48746362R\u00a0y con domicilio en Avenida de Europa n\u00ba7 7\u00baA Murcia\u00a0(Espa\u00f1a). CONTENIDOS:\u00a0el SITIO\u00a0proporciona acceso a multitud de informaciones, servicios, programas o datos (de ahora en\u00a0adelante los\u00a0CONTENIDOS) a trav\u00e9s de\u00a0internet pertenecientes por defecto al titular del sitio, salvo que expresamente &hellip; Condiciones de uso Leer m\u00e1s &raquo;\" \/>\n<meta property=\"og:url\" content=\"https:\/\/diegol.top\/cursos\/condiciones-de-uso\/\" \/>\n<meta property=\"og:site_name\" content=\"Cursos de WooCommerce\" \/>\n<meta property=\"article:modified_time\" content=\"2021-09-02T14:37:59+00:00\" \/>\n<meta name=\"twitter:card\" content=\"summary_large_image\" \/>\n<meta name=\"twitter:label1\" content=\"Tiempo de lectura\" \/>\n\t<meta name=\"twitter:data1\" content=\"5 minutos\" \/>\n<script type=\"application\/ld+json\" class=\"yoast-schema-graph\">{\"@context\":\"https:\/\/schema.org\",\"@graph\":[{\"@type\":\"WebPage\",\"@id\":\"https:\/\/diegol.top\/cursos\/condiciones-de-uso\/\",\"url\":\"https:\/\/diegol.top\/cursos\/condiciones-de-uso\/\",\"name\":\"Condiciones de uso - Cursos de WooCommerce\",\"isPartOf\":{\"@id\":\"https:\/\/diegol.top\/cursos\/#website\"},\"datePublished\":\"2021-09-02T14:34:39+00:00\",\"dateModified\":\"2021-09-02T14:37:59+00:00\",\"breadcrumb\":{\"@id\":\"https:\/\/diegol.top\/cursos\/condiciones-de-uso\/#breadcrumb\"},\"inLanguage\":\"es\",\"potentialAction\":[{\"@type\":\"ReadAction\",\"target\":[\"https:\/\/diegol.top\/cursos\/condiciones-de-uso\/\"]}]},{\"@type\":\"BreadcrumbList\",\"@id\":\"https:\/\/diegol.top\/cursos\/condiciones-de-uso\/#breadcrumb\",\"itemListElement\":[{\"@type\":\"ListItem\",\"position\":1,\"name\":\"Portada\",\"item\":\"https:\/\/diegol.top\/cursos\/\"},{\"@type\":\"ListItem\",\"position\":2,\"name\":\"Condiciones de uso\"}]},{\"@type\":\"WebSite\",\"@id\":\"https:\/\/diegol.top\/cursos\/#website\",\"url\":\"https:\/\/diegol.top\/cursos\/\",\"name\":\"Cursos de WooCommerce\",\"description\":\"By diegol.com\",\"publisher\":{\"@id\":\"https:\/\/diegol.top\/cursos\/#organization\"},\"potentialAction\":[{\"@type\":\"SearchAction\",\"target\":{\"@type\":\"EntryPoint\",\"urlTemplate\":\"https:\/\/diegol.top\/cursos\/?s={search_term_string}\"},\"query-input\":\"required name=search_term_string\"}],\"inLanguage\":\"es\"},{\"@type\":\"Organization\",\"@id\":\"https:\/\/diegol.top\/cursos\/#organization\",\"name\":\"Cursos de WooCommerce\",\"url\":\"https:\/\/diegol.top\/cursos\/\",\"logo\":{\"@type\":\"ImageObject\",\"inLanguage\":\"es\",\"@id\":\"https:\/\/diegol.top\/cursos\/#\/schema\/logo\/image\/\",\"url\":\"https:\/\/diegol.top\/cursos\/wp-content\/uploads\/2021\/09\/logo-diegol.png\",\"contentUrl\":\"https:\/\/diegol.top\/cursos\/wp-content\/uploads\/2021\/09\/logo-diegol.png\",\"width\":187,\"height\":100,\"caption\":\"Cursos de WooCommerce\"},\"image\":{\"@id\":\"https:\/\/diegol.top\/cursos\/#\/schema\/logo\/image\/\"}}]}<\/script>\n<!-- \/ Yoast SEO plugin. -->","yoast_head_json":{"title":"Condiciones de uso - Cursos de WooCommerce","robots":{"index":"noindex","follow":"follow"},"og_locale":"es_ES","og_type":"article","og_title":"Condiciones de uso - Cursos de WooCommerce","og_description":"DATOS IDENTIFICATIVOS: el titular de\u00a0diegol.top\/cursos\u00a0(en adelante\u00a0el\u00a0SITIO),\u00a0es Diego Nieto de la Fuente, con n\u00famero de identificaci\u00f3n fiscal (NIF) 48746362R\u00a0y con domicilio en Avenida de Europa n\u00ba7 7\u00baA Murcia\u00a0(Espa\u00f1a). CONTENIDOS:\u00a0el SITIO\u00a0proporciona acceso a multitud de informaciones, servicios, programas o datos (de ahora en\u00a0adelante los\u00a0CONTENIDOS) a trav\u00e9s de\u00a0internet pertenecientes por defecto al titular del sitio, salvo que expresamente &hellip; Condiciones de uso Leer m\u00e1s &raquo;","og_url":"https:\/\/diegol.top\/cursos\/condiciones-de-uso\/","og_site_name":"Cursos de WooCommerce","article_modified_time":"2021-09-02T14:37:59+00:00","twitter_card":"summary_large_image","twitter_misc":{"Tiempo de lectura":"5 minutos"},"schema":{"@context":"https:\/\/schema.org","@graph":[{"@type":"WebPage","@id":"https:\/\/diegol.top\/cursos\/condiciones-de-uso\/","url":"https:\/\/diegol.top\/cursos\/condiciones-de-uso\/","name":"Condiciones de uso - Cursos de WooCommerce","isPartOf":{"@id":"https:\/\/diegol.top\/cursos\/#website"},"datePublished":"2021-09-02T14:34:39+00:00","dateModified":"2021-09-02T14:37:59+00:00","breadcrumb":{"@id":"https:\/\/diegol.top\/cursos\/condiciones-de-uso\/#breadcrumb"},"inLanguage":"es","potentialAction":[{"@type":"ReadAction","target":["https:\/\/diegol.top\/cursos\/condiciones-de-uso\/"]}]},{"@type":"BreadcrumbList","@id":"https:\/\/diegol.top\/cursos\/condiciones-de-uso\/#breadcrumb","itemListElement":[{"@type":"ListItem","position":1,"name":"Portada","item":"https:\/\/diegol.top\/cursos\/"},{"@type":"ListItem","position":2,"name":"Condiciones de uso"}]},{"@type":"WebSite","@id":"https:\/\/diegol.top\/cursos\/#website","url":"https:\/\/diegol.top\/cursos\/","name":"Cursos de WooCommerce","description":"By diegol.com","publisher":{"@id":"https:\/\/diegol.top\/cursos\/#organization"},"potentialAction":[{"@type":"SearchAction","target":{"@type":"EntryPoint","urlTemplate":"https:\/\/diegol.top\/cursos\/?s={search_term_string}"},"query-input":"required name=search_term_string"}],"inLanguage":"es"},{"@type":"Organization","@id":"https:\/\/diegol.top\/cursos\/#organization","name":"Cursos de WooCommerce","url":"https:\/\/diegol.top\/cursos\/","logo":{"@type":"ImageObject","inLanguage":"es","@id":"https:\/\/diegol.top\/cursos\/#\/schema\/logo\/image\/","url":"https:\/\/diegol.top\/cursos\/wp-content\/uploads\/2021\/09\/logo-diegol.png","contentUrl":"https:\/\/diegol.top\/cursos\/wp-content\/uploads\/2021\/09\/logo-diegol.png","width":187,"height":100,"caption":"Cursos de WooCommerce"},"image":{"@id":"https:\/\/diegol.top\/cursos\/#\/schema\/logo\/image\/"}}]}},"_links":{"self":[{"href":"https:\/\/diegol.top\/cursos\/wp-json\/wp\/v2\/pages\/101","targetHints":{"allow":["GET"]}}],"collection":[{"href":"https:\/\/diegol.top\/cursos\/wp-json\/wp\/v2\/pages"}],"about":[{"href":"https:\/\/diegol.top\/cursos\/wp-json\/wp\/v2\/types\/page"}],"author":[{"embeddable":true,"href":"https:\/\/diegol.top\/cursos\/wp-json\/wp\/v2\/users\/1"}],"replies":[{"embeddable":true,"href":"https:\/\/diegol.top\/cursos\/wp-json\/wp\/v2\/comments?post=101"}],"version-history":[{"count":2,"href":"https:\/\/diegol.top\/cursos\/wp-json\/wp\/v2\/pages\/101\/revisions"}],"predecessor-version":[{"id":105,"href":"https:\/\/diegol.top\/cursos\/wp-json\/wp\/v2\/pages\/101\/revisions\/105"}],"wp:attachment":[{"href":"https:\/\/diegol.top\/cursos\/wp-json\/wp\/v2\/media?parent=101"}],"curies":[{"name":"wp","href":"https:\/\/api.w.org\/{rel}","templated":true}]}}